Let x = -5 - -19. Calculate the greatest common divisor of x and 2.
2
Suppose 2 + 2 = 2*p. Suppose -3 = p*n - 13. Calculate the greatest common factor of n and 25.
5
Let h = -10 + 31. Let x(q) = q**2 - q. Let k be x(2). Suppose 2*r - 632 = -3*r - k*z, -3*r = -2*z - 376. Calculate the highest common factor of h and r.
21
Suppose 2*i + 2*i = 16, 4*q - 12 = i. Suppose 0*n + 12 = q*n. Suppose 0*o = n*o - 15. What is the greatest common divisor of 45 and o?
5
Let t be (-33282)/(-54) - (-2)/(-6). Calculate the greatest common factor of 56 and t.
56
Suppose 0 = -6*s + 3*s + 33. Calculate the greatest common divisor of 11 and s.
11
Let i(x) = -x**3 + 7*x**2 - 6*x + 7. Let a be i(6). What is the highest common divisor of 28 and a?
7
Suppose 2 = -3*t + 11. Suppose t*s - 40 = -0*v + v, -8 = 2*v. Let i = 152 - 104. What is the greatest common divisor of s and i?
12
Let s(y) = y**3 - 2*y**2 + y - 5. Let v be s(3). Let k = -1 - 0. Let i be k/((-2)/(-2))*-7. Calculate the greatest common factor of v and i.
7
Let r = 12 + 33. What is the greatest common divisor of r and 18?
9
Let w be (0 + 1)/(4/(-44)). Let b = w + 19. What is the highest common divisor of 1 and b?
1
Let n be ((-16)/12)/2*-30. Calculate the greatest common factor of 10 and n.
10
Suppose -2*w - 15 = -7*w. Let b be ((-9)/(-3))/w*1. Let o(p) = 77*p**3 + p**2 - 1. Let g be o(b). Calculate the greatest common factor of 7 and g.
7
Let v(l) = l**3 - 8*l**2 + 8*l - 8. Let a be v(7). Let t be a - -22 - (-1 - -2). What is the highest common factor of t and 20?
20
Let t(u) = -2*u - 40. Let l be t(-21). Let p be 14/6 - 2/6. Suppose p*g - 2 = l. What is the greatest common factor of g and 1?
1
Let b(p) = 4*p**2 - 1. Let c be b(1). What is the highest common divisor of 3 and c?
3
Let s be 63/(-42)*(-10 - 0). Let k be (-54)/(-15) - (-2)/5. Suppose k*z + 4*v - 528 = 0, 6*z - 138 = 5*z + v. What is the greatest common factor of z and s?
15
Let g(z) = -z**2 - 9*z - 11. Let b be g(-8). Let s be (-23)/(b + 2) - -1. What is the highest common factor of 6 and s?
6
Let r(a) be the first derivative of 17*a**3 - a**2 + a + 1. Let v be r(1). Let f = 3 + 17. Calculate the highest common divisor of f and v.
10
Suppose -3*s = 4*d - 54, 0*s + 36 = 2*s + d. What is the greatest common divisor of s and 45?
9
Suppose -5*x = -2*x. Suppose x = r + 2 - 7. Suppose -4*k + 394 = 2*p, -r*p = -2*k + 5*k - 285. What is the highest common divisor of k and 10?
10
Suppose 1130 = 5*q + 395. Calculate the highest common factor of 21 and q.
21
Let o(h) = 9*h**2 + h - 1. Let z be o(1). Suppose 5*t = -2*q + 6, 2*t = -3*q - 0*q + z. What is the highest common divisor of q and 27?
3
Suppose 0 = 4*d + 4*f - 64, d - 8 = -2*f + 12. Suppose -d = 3*g - 7*g. Let h = 16 - g. Calculate the highest common divisor of h and 52.
13
Suppose -1086 = 4*k - 2*v, 5*k - 3*v = 426 - 1784. Let p = k + 397. What is the highest common divisor of 21 and p?
21
Let k(n) = -3*n + 2*n + 5*n - 3. Let o be k(2). Suppose -2*g = 2*d - 18, -28 = -4*d - 2*g + 10. What is the highest common factor of d and o?
5
Let h = 179 + -91. What is the highest common factor of 8 and h?
8
Suppose 91*q = 86*q + 1550. Calculate the highest common divisor of 10 and q.
10
Suppose n = 4*n, 3*n = 4*i - 360. Calculate the highest common divisor of 10 and i.
10
Suppose p = g + 18, -1 = -3*g + 5*g + 5*p. Let w be (g + 0)*-6 + -1. Let k be ((-74)/111)/(0 + 2/(-21)). What is the highest common factor of k and w?
7
Suppose -7*o - 8 = -3*o. Let n(r) = -r**3 + 2*r**2 + 4*r + 1. Let f be n(o). What is the greatest common factor of f and 18?
9
Suppose -z + 3 = 2*v, 4*v - 4*z - 25 = 11. Suppose -8 = f + h - 54, -v*f - h = -172. Calculate the greatest common factor of f and 6.
6
Suppose 0 = -n + 8*n + 35. Let d = n - -6. Calculate the highest common divisor of d and 3.
1
Let a(j) = -j**2 + 13*j - 4. Let l be a(12). Calculate the greatest common divisor of 8 and l.
8
Let d = -13 + 49. Let o(v) = 8*v**2 - 2. Let h be o(2). Let w = h - 18. What is the greatest common factor of w and d?
12
Let l = 155 + -113. What is the greatest common factor of 21 and l?
21
Let p = 21 + -5. Calculate the highest common divisor of 128 and p.
16
Suppose 2*u + 3*y + y = -2, -5*u + 35 = 2*y. Let k(r) = r**3 - 7*r**2 + 6*r + 1. Let i be k(6). Calculate the highest common factor of u and i.
1
Suppose -4*t - 4*x = -60 - 156, -58 = -t + 3*x. Suppose 5*w = 5*s - 3*s - 69, 5*s + 2*w = 100. Calculate the highest common divisor of t and s.
11
Suppose 5*l - 13 = t, -t + 3*t + 2*l = 10. Calculate the greatest common factor of t and 2.
2
Let p be 24/(-40) + 33/5. Let u be (-4)/p - (-6)/9. Suppose -w = -u*s - 2*s + 61, -4*s = 5*w - 143. Calculate the greatest common factor of 80 and s.
16
Let x be -6 + (2 - 3) + -1. Let k be -2*(-2)/x*-18. Calculate the highest common divisor of 72 and k.
9
Let n be 1 + 2 + -2 + -1. Suppose n*l + 44 = 4*l. Let c be (0 + (-2)/2)*-99. Calculate the highest common divisor of c and l.
11
Let s(u) = u**3 + 6*u**2 - u - 3. Let n be s(-6). Suppose -97 = -8*m + n*m + 4*a, 4*a = -3*m + 71. Calculate the highest common factor of m and 42.
21
Let g(u) = 1. Let k(y) = -y**2 + 6*y - 3. Let q(z) = -4*g(z) - k(z). Let b be q(9). What is the greatest common factor of b and 13?
13
Let g = -5 - -2. Let d be (g/2 + 2)*4. Suppose -c - 23 = -4*a, 9 = d*c - 1. Calculate the highest common factor of 7 and a.
7
Let r(m) = 72*m**2 + m - 1. Let n be r(1). What is the greatest common factor of 48 and n?
24
Let z = 10 + -10. Suppose z = 2*f - 98 + 38. Calculate the greatest common factor of 6 and f.
6
Let m be 3/(-9) + (-109)/(-3). Let n be (11 + -2)*5/1. Suppose n = 3*g + 2*g. What is the greatest common factor of m and g?
9
Suppose 2*z = 180 - 76. Let v(q) = q + 13. Let b = -8 - -8. Let m be v(b). Calculate the highest common divisor of m and z.
13
Suppose -4*t = 2*k + 31 - 129, -t + 5*k - 3 = 0. What is the highest common factor of t and 33?
11
Suppose 0 = 5*z - 3*n - 225, -n - 90 = -2*z - 3*n. What is the greatest common divisor of 15 and z?
15
Suppose 0 = 5*t - 10, 3*t + 5 = -l + 37. Suppose 3*o - 3*c + 2 = 5, -5*o = 2*c + 23. Let r be (o - -29)*2/4. What is the greatest common divisor of r and l?
13
Let a = 6 - -5. Calculate the highest common divisor of a and 33.
11
Suppose 2*s + 2*w - 30 = 0, 3*s - 2*w - 20 = -0*s. Let x(u) = u**3 + 4*u**2 + 2*u - 2. Let d be x(-2). Calculate the highest common factor of s and d.
2
Suppose v + 228 = 13*v. Calculate the highest common divisor of v and 57.
19
Suppose 4 = -2*l + 4*l. Suppose -3*h = l*a - 3*a + 43, -5*a + 2*h = -150. Let z = 97 - 55. What is the highest common factor of z and a?
14
Let x be 2/(-12) + (-1090)/(-60). Calculate the highest common factor of x and 90.
18
Let d be 6/(-3)*1/2. Let z(r) = -r**3 - r - 2. Let h be z(0). Let y be 1 + (28 - h/d). What is the greatest common divisor of y and 18?
9
Let w = -12 + 13. Calculate the highest common divisor of w and 7.
1
Suppose 3*p - 4*f - 256 = 0, 2*f + 424 = 5*p - 2*f. What is the greatest common divisor of 12 and p?
12
Suppose 4*q - z - 16 = 2*q, -q = 2*z - 8. What is the greatest common divisor of 72 and q?
8
Suppose 0 = -o - 3*o + 216. What is the greatest common factor of 6 and o?
6
Let c = -2 + 11. Calculate the highest common factor of c and 72.
9
Suppose p + p = -6, 5*s + 3*p - 96 = 0. Let c = s - 39. Let n be (c/(-4))/((-15)/(-20)). Calculate the highest common divisor of n and 2.
2
Let j = 60 - 36. Calculate the highest common factor of j and 72.
24
Let z(j) = -j**2 - 8*j - 4. Let k be z(-7). Let m be 8/k*42/8. Let o = -95 + 249. What is the greatest common divisor of m and o?
14
Suppose -w + 36 = m - 0*m, 2*w - 4*m = 78. What is the greatest common factor of 296 and w?
37
Let w = 104 - 48. What is the highest common factor of w and 14?
14
Suppose -15 = 8*k - 9*k. Let h be (10/(-3))/(2/(-3)). What is the highest common factor of h and k?
5
Let m(l) = -l**2 + 15. Let h be m(0). Suppose 5 = g, 4*g = -k - 0*g + 46. Let n = k + 79. Calculate the highest common divisor of n and h.
15
Let m be 2/(-1) - (-30)/5. Suppose 3*k - 2*k + 3*x = 1, -5*k + m*x + 100 = 0. What is the greatest common divisor of 24 and k?
8
Let s = -51 + 213. What is the highest common divisor of s and 18?
18
Suppose 3*w = -2*w + 120. Let h be (-2)/(-